65 (base 13) in base 6?
-23420452
What is 128897 (base 13) in base 7?
3542366
What is 10854552 (base 9) in base 6?
305225502
-4145c (base 14) to base 13
-56780
210383 (base 10) to base 9
350528
-664103 (base 7) to base 15
-24882
Convert 1540162 (base 9) to base 10.
853067
1547431 (base 8) to base 14
b889b
Convert -21130 (base 8) to base 14.
-32c0
What is 635524 (base 8) in base 11?
135142
Convert 7756647 (base 8) to base 13.
581720
Convert -10760531 (base 8) to base 3.
-11102110120201
Convert 4111561 (base 8) to base 2.
100001001001101110001
What is -5c22b (base 14) in base 4?
-313002133
What is -36300050 (base 7) in base 12?
-10b756b
11223010 (base 6) to base 12
147a66
Convert -792088 (base 10) to base 7.
-6506203
Convert 543434230 (base 6) to base 9.
20214270
What is -b1828 (base 14) in base 3?
-210200122000
What is -8a222 (base 15) in base 5?
-103023412
What is 1387012 (base 10) in base 11?
8680a0
-795922 (base 10) to base 16
-c2512
What is 488af3 (base 16) in base 8?
22105363
What is -41a24 (base 14) in base 11?
-a9010
Convert -435223 (base 6) to base 3.
-1211121020
Convert -49192 (base 12) to base 14.
-27db8
-2a629e (base 16) to base 7
-32416264
Convert 1111110011000101110011 (base 2) to base 7.
50126063
141305300 (base 6) to base 2
1010111100110100000100
Convert -1151161 (base 7) to base 16.
-23dd0
222bb (base 16) to base 4
202022323
Convert 508242 (base 13) to base 6.
104101533
What is 2348b (base 14) in base 7?
505434
-533571 (base 10) to base 11
-334975
-24a181 (base 11) to base 14
-a3922
-428333 (base 11) to base 16
-a71f5
Convert 54540335 (base 6) to base 3.
10001211121212
What is -13576762 (base 8) in base 15?
-40c761
-25b6 (base 12) to base 6
-31550
Convert -30b117a (base 12) to base 10.
-9188014
Convert 2061523 (base 8) to base 5.
120042330
What is -4093b (base 16) in base 11?
-170801
What is 189a9a2 (base 11) in base 10?
3206249
-285b5 (base 16) to base 13
-5a316
What is 6275366 (base 9) in base 12?
115a5a3
-b58d4 (base 16) to base 9
-1353062
1423010444 (base 5) to base 16
38c14b
100111001010001110 (base 2) to base 15
327d3
What is -1000000101110110111110 (base 2) in base 14?
-3d302a
10302211 (base 5) to base 14
23ddc
Convert 100110011110 (base 2) to base 4.
212132
Convert -66973 (base 10) to base 7.
-366154
Convert -203b683 (base 13) to base 9.
-20332443
Convert 11530a (base 12) to base 2.
1000100000001111010
What is -a48a (base 13) in base 12?
-11208
What is 3946a9 (base 12) in base 3?
1202210211210
-5300a2 (base 16) to base 10
-5439650
1134044 (base 9) to base 14
11d62d
What is -134220433 (base 5) in base 11?
-435286
What is 11526142 (base 8) in base 15?
350e68
Convert -b7438a (base 13) to base 5.
-2044343214
Convert 14761022 (base 8) to base 12.
117b86a
-3110110312 (base 4) to base 12
-35b35a
Convert 11706585 (base 9) to base 14.
a93201
What is 120442 (base 11) in base 13?
68b4a
Convert -11344413 (base 7) to base 3.
-1212221120120
-13331255 (base 6) to base 13
-128879
What is 6143c7 (base 13) in base 7?
25154523
-417373 (base 8) to base 2
-100001111011111011
What is 12126355 (base 8) in base 7?
31441514
What is 400413132 (base 5) in base 10?
1576042
Convert 1102201201121 (base 3) to base 2.
10111010000111011110
20203162 (base 7) to base 15
2334b7
What is -854547 (base 9) in base 3?
-221211121121
What is 22124122 (base 6) in base 4?
2202032102
1110001010110011100 (base 2) to base 10
464284
Convert 11834a8 (base 13) to base 7.
64121360
Convert -2012320422 (base 5) to base 2.
-1111010110111111111010
ac9309 (base 16) to base 7
165063163
What is 1304000 (base 6) in base 4?
101103000
-8159901 (base 11) to base 14
-1cb5069
3022212202 (base 4) to base 16
ca9a2
What is -120220100222 (base 3) in base 5?
-40004020
What is cd82c (base 14) in base 11?
3103a5
What is -491325 (base 10) in base 7?
-4114302
Convert 739803 (base 11) to base 9.
2204411
What is -76c29 (base 15) in base 11?
-238579
Convert -41977 (base 11) to base 16.
-ee8c
What is -26550004 (base 7) in base 6?
-124254024
Convert 1a3306 (base 11) to base 4.
1030020033
Convert -19e957 (base 15) to base 2.
-100110100101011100101
Convert 23473307 (base 8) to base 11.
29a2471
Convert -1111011010100101000010 (base 2) to base 12.
-142a682
What is -11ac8b8 (base 14) in base 3?
-120222010211220
-3666772 (base 9) to base 16
-1e691d
-13503505 (base 6) to base 3
-212100110212
1110100011110011 (base 2) to base 10
59635
What is 2461003 (base 7) in base 15?
6401d
What is 27583 (base 11) in base 2?
1001100101111111
Convert -101101000101100101 (base 2) to base 14.
-4b433
Convert -3ccb4 (base 14) to base 12.
-73252
What is 1b7336 (base 12) in base 14?
ca562
2bc1b2 (base 15) to base 5
1020212032
-24060144 (base 8) to base 10
-5267556
Convert 2020353 (base 9) to base 4.
10012301013
Convert 30000437 (base 8) to base 2.
11000000000000100011111
Convert 1062153 (base 7) to base 4.
200123130
What is 102441 (base 7) in base 13?
80ac
What is -86cd1 (base 14) in base 10?
-326327
What is 211733 (base 14) in base 3?
2002210220202
14036645 (base 7) to base 13
368549
What is 7e17b (base 16) in base 6?
15023031
What is 232122000022 (base 4) in base 12?
40a800a
Convert -132531 (base 7) to base 15.
-75e3
What is -534bb9 (base 12) in base 15?
-1ae970
2303545 (base 7) to base 8
1060462
1111011001000001011 (base 2) to base 15
9e671
3312331441 (base 5) to base 9
14410771
What is 2748387 (base 11) in base 12?
1707185
What is 1111010101111010001100 (base 2) in base 8?
17257214
422437 (base 9) to base 8
752376
What is -180c72 (base 14) in base 2?
-11001110111011110100
What is 101010111101 (base 2) in base 15?
c34
What is -513155 (base 7) in base 3?
-11110002202
Convert -594601 (base 13) to base 16.
-206635
What is 103120032 (base 4) in base 13?
2a189
-2120102000 (base 3) to base 9
-76360
Convert -12110001201210 (base 3) to base 13.
-7a4726
What is -601175 (base 9) in base 13?
-c587c
e0e5 (base 16) to base 15
120d3
What is 1251232 (base 6) in base 4?
100312010
1345025 (base 6) to base 3
10212121122
Convert 3200203 (base 8) to base 14.
182763
What is -13416772 (base 9) in base 6?
-353555315
Convert -9958a7 (base 11) to base 5.
-401321333
Convert -241013243 (base 5) to base 11.
-699329
Convert -1f4157 (base 16) to base 5.
-1011021333
-122020223 (base 4) to base 12
-51b4b
-1111001100111110 (base 2) to base 6
-1200142
1041343 (base 6) to base 9
78530
Convert -1202232120 (base 4) to base 15.
-7ec36
Convert -3843873 (base 11) to base 9.
-13480880
What is 101221201000 (base 3) in base 16?
34a10
Convert -11bcd17 (base 14) to base 2.
-100000100001011001111001
3740260 (base 13) to base 3
1012100112220221
26101 (base 10) to base 6
320501
-144122024 (base 5) to base 11
-486790
Convert -1412432 (base 6) to base 10.
-79652
-12044020 (base 10) to base 2
-101101111100011011110100
10530311 (base 6) to base 10
322819
520604 (base 8) to base 12
83944
Convert -40553315 (base 6) to base 15.
-18069b
Convert 4306623 (base 8) to base 13.
3137ab
Convert 112120221112 (base 3) to base 15.
5a15b
cc824 (base 14) to base 3
221011201121
Convert -102344044 (base 5) to base 8.
-1520142
-1132103 (base 4) to base 2
-1011110010011
Convert 1e7da (base 16) to base 12.
60336
4434134 (base 5) to base 12
38977
-30363b (base 13) to base 4
-10101303332
What is 56715a2 (base 11) in base 6?
552445542
109f5a (base 16) to base 11
684507
What is -110121220112 (base 3) in base 7?
-2053361
What is 692768 (base 10) in base 2?
10101001001000100000
Convert -356610 (base 9) to base 8.
-643445
Convert -11542791 (base 10) to base 13.
-2511b70
Convert a18e18 (base 15) to base 8.
35215264
Convert 7226277 (base 10) to base 7.
115264602
What is 801830 (base 9) in base 5?
110130141
What is 181284 (base 9) in base 10?
112504
What is -72562 (base 12) in base 2?
-100100011110011010
Convert 1a14c (base 14) to base 5.
4103440
Convert 328446 (base 9) to base 14.
51855
-3b15a (base 12) to base 8
-237026
Convert -145353554 (base 6) to base 15.
-4079aa
Convert 1110101011111001100 (base 2) to base 6.
14151524
-1027137 (base 9) to base 15
-acd71
What is db465 (base 14) in base 3?
222221122212
What is 20220121201201 (base 3) in base 11?
2089834
Convert -c80224 (base 14) to base 16.
-672ca8
Convert 102123103 (base 4) to base 5.
4403400
11321515 (base 6) to base 7
2666630
-31332333 (base 